housands digit of 2426626?
2
What is the hundreds digit of 20227058?
0
What is the tens digit of 8020324?
2
What is the units digit of 130889?
9
What is the hundreds digit of 1043671?
6
What is the hundred thousands digit of 4221770?
2
What is the tens digit of 15365735?
3
What is the hundreds digit of 276912?
9
What is the millions digit of 14748707?
4
What is the hundred thousands digit of 3950716?
9
What is the units digit of 262896?
6
What is the ten thousands digit of 273022?
7
What is the tens digit of 498186?
8
What is the hundreds digit of 1058382?
3
What is the ten thousands digit of 14199999?
9
What is the units digit of 86445?
5
What is the thousands digit of 6037?
6
What is the thousands digit of 26008?
6
What is the hundreds digit of 2660447?
4
What is the units digit of 2436083?
3
What is the ten thousands digit of 271819?
7
What is the hundred thousands digit of 7851005?
8
What is the hundreds digit of 622327?
3
What is the hundred thousands digit of 471128?
4
What is the thousands digit of 690178?
0
What is the ten thousands digit of 61634?
6
What is the hundred thousands digit of 1404151?
4
What is the thousands digit of 8369348?
9
What is the ten thousands digit of 839325?
3
What is the ten thousands digit of 3298861?
9
What is the ten thousands digit of 12797974?
9
What is the hundreds digit of 3425358?
3
What is the ten thousands digit of 746471?
4
What is the ten millions digit of 14916192?
1
What is the units digit of 894402?
2
What is the ten thousands digit of 415018?
1
What is the ten thousands digit of 2280657?
8
What is the millions digit of 3773484?
3
What is the units digit of 11045556?
6
What is the thousands digit of 9949331?
9
What is the ten thousands digit of 3074441?
7
What is the hundreds digit of 14851565?
5
What is the tens digit of 6528420?
2
What is the thousands digit of 6119340?
9
What is the ten thousands digit of 428825?
2
What is the ten thousands digit of 1314663?
1
What is the hundreds digit of 10861976?
9
What is the tens digit of 486834?
3
What is the thousands digit of 6611591?
1
What is the hundreds digit of 16325692?
6
What is the thousands digit of 19581072?
1
What is the thousands digit of 3913758?
3
What is the units digit of 3609996?
6
What is the millions digit of 18674207?
8
What is the hundreds digit of 37160?
1
What is the millions digit of 15033445?
5
What is the thousands digit of 276538?
6
What is the thousands digit of 36155589?
5
What is the hundred thousands digit of 821532?
8
What is the ten thousands digit of 565315?
6
What is the units digit of 905076?
6
What is the millions digit of 14137790?
4
What is the ten thousands digit of 846061?
4
What is the units digit of 5507845?
5
What is the tens digit of 235828?
2
What is the thousands digit of 8151395?
1
What is the hundred thousands digit of 1321175?
3
What is the millions digit of 1038796?
1
What is the ten thousands digit of 1292169?
9
What is the units digit of 9796014?
4
What is the thousands digit of 219349?
9
What is the thousands digit of 346714?
6
What is the tens digit of 252278?
7
What is the hundreds digit of 1017749?
7
What is the thousands digit of 282030?
2
What is the tens digit of 454955?
5
What is the millions digit of 4668888?
4
What is the thousands digit of 2364001?
4
What is the ten thousands digit of 99716?
9
What is the ten thousands digit of 437175?
3
What is the ten thousands digit of 540658?
4
What is the hundred thousands digit of 222508?
2
What is the hundreds digit of 14297324?
3
What is the thousands digit of 33632?
3
What is the units digit of 4701190?
0
What is the hundreds digit of 766832?
8
What is the hundred thousands digit of 605455?
6
What is the millions digit of 2125376?
2
What is the units digit of 1481887?
7
What is the ten thousands digit of 2510940?
1
What is the tens digit of 1069495?
9
What is the units digit of 928094?
4
What is the thousands digit of 79587?
9
What is the millions digit of 3998762?
3
What is the thousands digit of 256234?
6
What is the hundreds digit of 157032?
0
What is the hundred thousands digit of 1577192?
5
What is the hundreds digit of 656561?
5
What is the millions digit of 7468673?
7
What is the hundreds digit of 227492?
4
What is the hundreds digit of 536507?
5
What is the millions digit of 5968907?
5
What is the ten thousands digit of 1780671?
8
What is the tens digit of 784100?
0
What is the tens digit of 148836?
3
What is the hundreds digit of 198273?
2
What is the ten thousands digit of 147034?
4
What is the thousands digit of 44147?
4
What is the ten thousands digit of 3209157?
0
What is the millions digit of 2549175?
2
What is the ten thousands digit of 1269701?
6
What is the tens digit of 5821859?
5
What is the hundreds digit of 774459?
4
What is the units digit of 2389633?
3
What is the thousands digit of 2727258?
7
What is the units digit of 1253749?
9
What is the ten thousands digit of 174678?
7
What is the units digit of 724390?
0
What is the hundreds digit of 194836?
8
What is the tens digit of 375612?
1
What is the units digit of 815011?
1
What is the thousands digit of 107322?
7
What is the millions digit of 13703936?
3
What is the ten thousands digit of 4004864?
0
What is the ten millions digit of 29990916?
2
What is the units digit of 2886?
6
What is the hundred thousands digit of 12288662?
2
What is the thousands digit of 12681633?
1
What is the thousands digit of 691541?
1
What is the units digit of 215253?
3
What is the hundreds digit of 36222?
2
What is the hundreds digit of 49074?
0
What is the hundreds digit of 328941?
9
What is the tens digit of 21392179?
7
What is the thousands digit of 533066?
3
What is the tens digit of 301364?
6
What is the units digit of 3156492?
2
What is the thousands digit of 1161100?
1
What is the hundred thousands digit of 518276?
5
What is the hundreds digit of 9800585?
5
What is the hundreds digit of 1679863?
8
What is the ten thousands digit of 1698484?
9
What is the ten thousands digit of 161219?
6
What is the ten thousands digit of 24351824?
5
What is the hundreds digit of 226598?
5
What is the thousands digit of 154741?
4
What is the ten thousands digit of 299213?
9
What is the millions digit of 2813668?
2
What is the millions digit of 12342614?
2
What is the hundreds digit of 25002552?
5
What is the tens digit of 13041667?
6
What is the units digit of 22463?
3
What is the ten thousands digit of 2042558?
4
What is the units digit of 1075887?
7
What is the tens digit of 2022847?
4
What is the ten thousands digit of 921180?
2
What is the ten thousands digit of 249604?
4
What is the thousands digit of 13853745?
3
What is the ten thousands digit of 703162?
0
What is the hundreds digit of 2487725?
7
What is the thousands digit of 1787813?
7
What is the hundreds digit of 570826?
8
What is the ten thousands digit of 602979?
0
What is the tens digit of 132522?
2
What is the units digit of 19291089?
9
What is the hundred thousands digit of 16430413?
4
What is the hundred thousands digit of 4010206?
0
What is the units digit of 736633?
3
What is the hundred thousands digit of 2623133?
6
What is the thousands digit of 3796535?
6
What is the millions digit of 11714497?
1
What is the tens digit of 148243?
4
What is the millions digit of 6522990?
6
What is the ten thousands digit of 219953?
1
What is the tens digit of 71564?
6
What is the ten millions digit of 11460606?
1
What is the hundreds digit of 387375?
3
What is the hundred thousands digit of 130015?
1
What is the units digit of 6235083?
3
What is the tens digit of 4498353?
5
What is the tens digit of 1335048?
4
What is the units digit of 486425?
5
What is the hundred thousands digit of 385757?
3
What is the hundreds digit of 5595092?
0
What is the millions digit of 7558012?
7
What is the ten thousands digit of 60386?
6
What is the units digit of 2005381?
1
What is the units digit of 76754?
4
What is the hundreds digit of 275857?
8
What is the hundred thousands digit of 318766?
3
What is the hundred thousands digit of 2833327?
8
What is the hundred thousands digit of 5799891?
7
What is the hundred thousands digit of 5044651?
0
What is the units digit of 22805?
5
What is the units digit of 1844605?
5
What is the thousands digit of 3249567?
9
What is th